factor of 5344932?
True
Does 108 divide 64254?
False
Is 6643227 a multiple of 8?
False
Does 34 divide 2389380?
False
Is 10152403 a multiple of 361?
True
Is 1115 a factor of 1763930?
True
Is 1665487 a multiple of 281?
True
Does 73 divide 1738276?
True
Does 37 divide 1917?
False
Does 265 divide 298125?
True
Does 508 divide 4667958?
False
Is 11316233 a multiple of 50?
False
Is 5667754 a multiple of 61?
True
Is 543 a factor of 3831951?
True
Is 35 a factor of 11993310?
True
Is 517 a factor of 357764?
True
Does 1595 divide 6420032?
False
Is 341 a factor of 5616783?
False
Does 25 divide 2037725?
True
Does 9 divide 322695?
True
Is 74 a factor of 153652?
False
Does 430 divide 6325300?
True
Is 975358 a multiple of 78?
False
Is 150 a factor of 361002?
False
Is 22 a factor of 91234?
True
Is 22230 a multiple of 190?
True
Does 234 divide 4848246?
True
Is 38052 a multiple of 14?
True
Does 13 divide 2602433?
False
Is 8 a factor of 123064?
True
Is 11 a factor of 11499869?
False
Does 23 divide 355526?
False
Is 48 a factor of 189847?
False
Is 78 a factor of 9204?
True
Is 76720 a multiple of 16?
True
Is 456 a factor of 469224?
True
Does 12 divide 265134?
False
Is 55 a factor of 8889127?
False
Is 4 a factor of 2124?
True
Is 68 a factor of 4061436?
True
Is 2634696 a multiple of 1032?
True
Is 77 a factor of 1075790?
False
Does 69 divide 12834?
True
Does 45 divide 6422750?
False
Does 177 divide 501000?
False
Does 26 divide 135577?
False
Does 1705 divide 9628135?
True
Is 13 a factor of 87516?
True
Is 58 a factor of 69659?
False
Does 172 divide 6919863?
False
Is 672 a factor of 2864736?
True
Is 480880 a multiple of 80?
True
Is 2 a factor of 246861?
False
Is 9 a factor of 287938?
False
Is 495978 a multiple of 294?
True
Is 9977952 a multiple of 138?
True
Does 98 divide 79118?
False
Is 60 a factor of 34950?
False
Is 83 a factor of 284908?
False
Is 16 a factor of 72949?
False
Is 167 a factor of 6350674?
False
Is 19800 a multiple of 3?
True
Is 26456 a multiple of 22?
False
Does 339 divide 12538389?
False
Is 189 a factor of 5518044?
True
Is 195 a factor of 106877?
False
Is 68121 a multiple of 5?
False
Is 30 a factor of 19560?
True
Is 501033 a multiple of 29?
True
Is 452 a factor of 1236894?
False
Is 4134824 a multiple of 229?
True
Is 32 a factor of 44736?
True
Is 397 a factor of 2149356?
False
Is 9263078 a multiple of 33?
False
Is 2694334 a multiple of 31?
True
Does 1431 divide 205206?
False
Does 26 divide 1662722?
False
Is 1666080 a multiple of 890?
True
Is 1099704 a multiple of 4?
True
Does 140 divide 45000?
False
Does 13 divide 486704?
False
Is 33440 a multiple of 6?
False
Does 113 divide 799814?
True
Does 3 divide 1854860?
False
Is 639054 a multiple of 26?
True
Is 14 a factor of 7794570?
True
Is 3175380 a multiple of 69?
True
Does 200 divide 66200?
True
Does 37 divide 17575?
True
Does 6 divide 1587522?
True
Is 12 a factor of 396791?
False
Is 244 a factor of 241560?
True
Is 10 a factor of 6447220?
True
Is 160 a factor of 891040?
True
Is 34 a factor of 1267396?
False
Does 12 divide 101280?
True
Is 1874279 a multiple of 438?
False
Is 173894 a multiple of 56?
False
Is 21 a factor of 2065772?
False
Does 60 divide 294540?
True
Does 8 divide 3039248?
True
Does 16 divide 679616?
True
Is 51 a factor of 425034?
True
Is 1561390 a multiple of 137?
False
Does 38 divide 143914?
False
Does 14 divide 1349446?
True
Does 80 divide 8925760?
True
Is 5 a factor of 86835?
True
Does 172 divide 4960996?
True
Is 228 a factor of 98268?
True
Is 8136 a multiple of 9?
True
Does 493 divide 315027?
True
Is 16082173 a multiple of 1388?
False
Does 213 divide 26325?
False
Does 26 divide 275858?
False
Is 136609 a multiple of 16?
False
Is 709087 a multiple of 17?
True
Is 51 a factor of 5881014?
True
Does 70 divide 1128680?
True
Is 985840 a multiple of 12?
False
Does 271 divide 108129?
True
Is 8 a factor of 9297?
False
Is 86395 a multiple of 76?
False
Is 468463 a multiple of 3?
False
Does 113 divide 22741?
False
Is 1944880 a multiple of 28?
True
Does 11 divide 1075613?
True
Is 66504 a multiple of 8?
True
Does 22 divide 18918?
False
Does 53 divide 1057545?
False
Does 120 divide 8352120?
True
Is 2294738 a multiple of 39?
False
Is 8 a factor of 630584?
True
Is 1820702 a multiple of 116?
False
Does 163 divide 105298?
True
Is 418355 a multiple of 233?
False
Is 572204 a multiple of 38?
True
Does 266 divide 58784?
False
Is 24 a factor of 18739440?
True
Is 861 a factor of 2531340?
True
Does 41 divide 152368?
False
Is 50 a factor of 233550?
True
Is 49 a factor of 1799142?
False
Does 39 divide 1210481?
False
Is 3930054 a multiple of 633?
False
Is 1233983 a multiple of 15?
False
Is 11 a factor of 323786?
False
Is 2375110 a multiple of 73?
False
Does 91 divide 3140865?
True
Is 1570094 a multiple of 71?
True
Does 351 divide 4513509?
True
Is 1424449 a multiple of 23?
False
Is 9952151 a multiple of 1607?
True
Does 58 divide 2898434?
True
Is 13 a factor of 112814?
True
Is 1649510 a multiple of 50?
False
Does 116 divide 457040?
True
Is 8667680 a multiple of 198?
False
Is 17 a factor of 1395105?
True
Does 90 divide 132337?
False
Does 39 divide 943437?
False
Is 5 a factor of 190390?
True
Is 18 a factor of 396614?
False
Is 91 a factor of 121510?
False
Is 342270 a multiple of 3?
True
Does 225 divide 257173?
False
Is 1056642 a multiple of 132?
False
Is 4300572 a multiple of 9?
False
Does 11 divide 4354859?
False
Is 151 a factor of 1056396?
True
Does 459 divide 2996729?
False
Is 12 a factor of 563076?
True
Does 13 divide 1335087?
True
Is 119 a factor of 735182?
True
Does 19 divide 1341628?
True
Does 2 divide 20363?
False
Does 423 divide 202289?
False
Is 41 a factor of 14664?
False
Is 59 a factor of 49324?
True
Is 413328 a multiple of 186?
False
Is 252027 a multiple of 123?
True
Does 17 divide 1561090?
False
Is 13949377 a multiple of 29?
True
Does 213 divide 12812163?
True
Is 2 a factor of 16313?
False
Is 44 a factor of 413336?
True
Is 12 a factor of 160589?
False
Is 179 a factor of 397122?
False
Is 7683 a multiple of 116?
False
Is 64120 a multiple of 10?
True
Does 2 divide 48408?
True
Is 18 a factor of 7869?
False
Is 36849 a multiple of 12?
False
Is 421 a factor of 2023326?
True
Does 13 divide 340352?
False
Does 46 divide 19550?
True
Is 43 a factor of 20210?
True
Is 2569572 a multiple of 25?
False
Does 141 divide 184076?
False
Does 46 divide 4898397?
False
Is 76149 a multiple of 194?
False
Is 28509 a multiple of 17?
True
Is 49403 a multiple of 2?
False
Is 14 a factor of 594664?
True
Is 15 a factor of 3922140?
True
Is 2036 a factor of 11490202?
False
Is 322 a factor of 9660?
True
Does 3 divide 160122?
True
Is 1012606 a multiple of 151?
True
Is 838096 a multiple of 14?
True
Is 544036 a multiple of 172?
True
Is 2909400 a multiple of 650?
True
Is 116743 a multiple of 11?
True
Does 57 divide 382128?
True
Does 109 divide 666076?
False
Does 933 divide 3581787?
True
Is 189 a factor of 73054?
False
Is 903 a factor of 2991639?
True
Is 41 a factor of 1512654?
True
Does 70 divide 5358500?
True
Is 12 a factor of 16408512?
True
Does 27 divide 261198?
True
Does 150 divide 1042050?
True
Is 1216506 a multiple of 10?
False
Is 25 a factor of 1818285?
False
Is 20 a factor of 50992?
False
Does 633 divide 404831?
False
Is 177810 a multiple of 5?
True
Is 200140 a multiple of 812?
False
Does 63 divide 123165?
True
Does 562 divide 403991?
False
Is 373 a factor of 1783686?
True
Does 229 divide 216863?
True
Does 3 divide 367050?
True
Is 316 a factor of 3149048?
False
Is 204384 a multiple of 16?
True
Is 989 a factor of 27339916?
True
Is 67422 a multiple of 51?
True
Is 61 a factor of 816808?
False
Is 64273 a multiple of 11?
True
Does 60 divide 2806200?
True
Is 48 a factor of 48184?
False
Is 2022027 a multiple of 511?
True
Is 146862 even?
True
Is 13 a factor of 203104?
False
Does 3437 divide 24035068?
False
Is 35 a factor of 248353?
False
Does 229 divide 2308320?
True
Does 31 divide 511686?
True
Does 148 divide 3869185?
False
Does 30 divide 10882530?
True
Is 277 a factor of 476278?
False
Does 8 divide 111752?
True
Does 23 divide 1155?
False
Is 107425 a multiple of 24?
False
Does 942 divide 2071809?
False
Is 378 a factor of 5292?
True
Does 277 divide 566984?
False
Does 14 divide 1934401?
False
Is 570837 a multiple of 18?
False
Does 230 divide 3383012?
Fal